 x**2 - 3*x. What is the tens digit of g(2)?
0
Let f be ((-1)/2)/((-2)/24). Suppose -f*t = -t - 15. Suppose 3*i = -t*p - 0*p, 3*p = 4*i - 7. What is the units digit of i?
1
Suppose -y + 3*q = -0*q - 14, 2 = 5*y + 2*q. What is the units digit of y?
2
Suppose 6 = -2*y - y. What is the units digit of 2/(y/(-1))*13?
3
Let v be -24*1/((-4)/(-2)). Let x(j) = -j**3 - 18*j**2 - j - 26. Let f be x(-18). Let a = f - v. What is the units digit of a?
4
Let a be 2 + -1 - (-4 + -1). Suppose -4*q + a + 2 = 0. Suppose -q*x = 2*l, 2*l + 2 = 4*x + 4*l. What is the units digit of x?
1
Let n(d) = 13*d - 7. Let i(h) = -25*h + 13. Suppose -2*q - 2*w + w + 18 = 0, 5*w - 13 = -3*q. Let c(s) = q*n(s) + 6*i(s). What is the units digit of c(-1)?
8
Let r = 61 - 38. What is the units digit of r?
3
Let q be 4/14 + (-36)/(-21). Let g(k) = 1 + 3*k - k - 4*k**2 + 3*k**3 - 2 - q*k**3. What is the units digit of g(4)?
7
Let a(q) = -2*q**3 + 11*q + 23 - 11*q + q**3. Let p be a(0). Let v = 32 - p. What is the units digit of v?
9
Suppose 68 = -5*p + 293. What is the units digit of p?
5
Suppose -2*o - o = 6. Let b = 11 - 0. Let h = b + o. What is the units digit of h?
9
Suppose v - 28 - 3 = 0. What is the units digit of v?
1
Let z = -3 - -3. Suppose z = -0*v - 2*v + 4. Suppose v = l + 1. What is the units digit of l?
1
Suppose 101 = 5*c - 489. What is the units digit of c?
8
Let q = 3 - -2. Suppose 4*z = q*z - 6. Let m(y) = -y**2 + 6*y + 8. What is the units digit of m(z)?
8
Suppose 3*w - 9 = -3. Suppose 2*l - 4 = w. What is the units digit of l?
3
Let n(f) = f - 1. Let w be n(2). Suppose w - 66 = -5*p. Let a = p - 1. What is the units digit of a?
2
Let x be (-4)/6 + 136/6. Suppose 31 = -u + 3*d + d, 5*d + x = -u. Let s = 50 + u. What is the units digit of s?
3
Let x = 14 + -24. Suppose 3*f = 2*i - 38, 5*i - 67 - 7 = -3*f. Let a = i + x. What is the units digit of a?
6
Suppose 2*m + 13 = -7. Let u = 22 + m. What is the tens digit of u?
1
Let j(u) = 5*u**2 - u - 1. Let z be j(-2). Suppose 2*g = z - 5. What is the units digit of g?
8
Let x(k) = 16*k**2 - 50*k - 30. Let t(o) = 3*o**2 - 10*o - 6. Let b(u) = -11*t(u) + 2*x(u). Let p be b(10). What is the units digit of 1/(-3) + 104/p?
7
Let j(y) = y + 4. Suppose 4*q = 3*a - 19, 2*q - 4 + 16 = 2*a. Suppose -15 + 0 = -a*o. What is the units digit of j(o)?
7
Let f(d) = d - 4. Let i be f(-4). What is the units digit of (-3 - 1)*6/i?
3
Let m(h) = 35*h**2 + 2*h + 1. What is the tens digit of m(-1)?
3
Let m(v) be the first derivative of -v**2/2 + v - 1. Let u be m(-2). Suppose 4*a = -2*r + 14, -u*a - r + 11 = -0*a. What is the units digit of a?
4
Suppose 3*m = 5*k + 259 - 1179, 4*m = -3*k + 552. What is the units digit of k?
4
Let n = 19 + -14. Suppose -n*v = -5 - 45. What is the tens digit of v?
1
Suppose 0*h + 3*x + 9 = 4*h, 5*h = -3*x + 18. Let y = h + -1. What is the units digit of (-9)/6 - (-19)/y?
8
Let k(f) = -f**3 + 10*f**2 - 10*f - 9. What is the units digit of k(8)?
9
Let u(z) = -z + 3. Suppose 3*p + 0*p - 4*x - 15 = 0, 8 = 5*p - x. Let d(h) = 1. Let r(q) = p*u(q) - 2*d(q). What is the units digit of r(-3)?
4
Let m(r) = r**2 + 4*r - 53. What is the units digit of m(-20)?
7
Suppose 5 - 2 = -b. What is the units digit of b/6 + 93/6?
5
Suppose 0*x - 3*x + 33 = 0. What is the tens digit of x?
1
Suppose 4 + 7 = -2*x + 5*z, -7 = -2*x - z. Suppose -5*u = -b - 19, -4*b - x*u = 2*u + 4. Let a = 0 - b. What is the units digit of a?
4
Let m(t) = 10*t**3 - t. Suppose -3*p - 2 = -5. Let i be m(p). What is the units digit of 22/6 - (-3)/i?
4
Let y be (4 + -2 - -5)*8. What is the units digit of y/2*3/2?
2
Let u = 74 + -48. What is the units digit of u?
6
Let i be (-2)/(-7) - 10/(-14). Let j be i/((-2)/3 - -1). Suppose -j - 25 = -4*q. What is the units digit of q?
7
Let t = -50 - -65. What is the tens digit of t?
1
Suppose 5*r + 2*f + 17 = 0, 0*f + 5 = -2*r + f. Let h = 6 + r. What is the units digit of h?
3
Suppose -3*f = -7*f - 76. Let z = 30 + f. What is the tens digit of z?
1
Let s(r) = 2*r**2 - 2*r + 0*r + 6*r + 1. Let j be s(-4). Suppose 3 = -k + 2*h + 6, 2*h + j = 3*k. What is the units digit of k?
7
Suppose 0 = p + 3*p - 140. What is the units digit of p?
5
Suppose -l + 19 + 2 = 0. What is the tens digit of -9*(l/(-9) - -1)?
1
Suppose 4*u = 93 + 31. What is the tens digit of u?
3
Let x(g) = g**2 + 5*g + 1. Let v(d) = d - 5. Let m be v(7). Suppose -m*c + 20 = -6*c. What is the units digit of x(c)?
1
Let o(j) = 3 + 7 - 3 + 2*j. What is the units digit of o(12)?
1
Suppose -15 = -t + 5*s, 0 = 5*t - 3*s + 2*s - 27. Suppose f + f = y - 5, -23 = y + t*f. What is the units digit of (0 + (-5)/3)*y?
5
Let g = 7 + 7. Let x = g - -9. What is the tens digit of x?
2
Let p(c) = 8*c - 1. Let m be p(-2). Let s(i) = i. Let y be s(-1). Let o = y - m. What is the units digit of o?
6
Suppose -n + 15 - 1 = 0. Suppose 0 = 5*s + n + 11. What is the units digit of (7 - 2)*(-5)/s?
5
Let j(g) = g**3 + 4*g**2 + g + 1. Let n be j(-3). Let w = n + -3. What is the units digit of w?
4
Let n be 1/((-16)/(-5) + -3). Suppose -n*z = -2*r + 48, 2*r - 6 = -3*z + 26. What is the tens digit of r?
1
Suppose g - 34 = -8. What is the tens digit of g?
2
Suppose -2*h - 2 = -4. Let y = 5 - h. What is the units digit of y?
4
Let n(f) = -2*f**2 - f**2 + 1 + 2 - 11*f + 4*f**2. What is the units digit of n(11)?
3
Let u(y) = -9*y + 19. What is the units digit of u(-15)?
4
Let y(c) = -c**3 - 3*c**2 + 2*c. Let r be y(-3). Let i = r - -9. Suppose i*a - a - 12 = 0. What is the units digit of a?
6
Suppose c - 4 = -2*k + 5, -3*k - 5*c + 17 = 0. Suppose -2 = l + k. What is the units digit of (-4)/6*l/4?
1
Let v(a) = a. Suppose -4*t = -3*q + 37, 3*t + 9 = 4*q - 3*q. Suppose -4*s + q = s. What is the units digit of v(s)?
3
Let y(k) = 12*k**2 - 3*k - 2. Let o be y(2). Let b = o - 23. What is the units digit of b?
7
Let f = 85 - 59. Suppose -5*t + 81 - f = 5*h, -4*h + 54 = 2*t. What is the tens digit of h?
1
Suppose -4*r - 4*k = -336, k - 80 = -r - k. What is the units digit of r?
8
Let y(j) = 2*j - 7. Let x be y(8). Suppose 2*z - 25 = x. What is the units digit of z?
7
Let n(c) = c**2 + 3*c. Let w be n(-4). Suppose 0 = 3*o + w*g - 31, 5*o + 3*g - 37 = -0*g. What is the units digit of o?
5
Let f = -5 - -3. Let t be 20/(-6) - f/6. Let n(m) = m**3 + 4*m**2 + 2*m - 1. What is the units digit of n(t)?
2
Let u = 16 - 35. Let s = 33 + u. What is the tens digit of s?
1
Let s(f) = 41*f - 2. What is the units digit of s(4)?
2
Suppose -596 = -46*u + 42*u. What is the units digit of u?
9
Let d(u) = 20*u**2 - 8*u - 8*u**2 - 13*u**2. What is the tens digit of d(-6)?
1
Let k = -206 - -310. What is the units digit of 2/7 + k/28?
4
Let o(q) = -q + 10. Let t be o(7). Suppose l = 5*r + 27, -t*l + 27 = -l - r. What is the tens digit of l?
1
Suppose 3*k + 12 = 7*k. Suppose 0 = k*b - 30. What is the tens digit of b + (-1 - 1*-2)?
1
Let s = 0 - -6. Suppose 3*f - s = -0. What is the units digit of (f - 4)*9/(-2)?
9
Let f be 14*(13/(-2) + -3). Let i = f + 189. What is the units digit of i?
6
Let x(d) = 71*d**3 + 2*d**2 - 3*d + 1. Let i be x(1). Let f = 123 - i. What is the tens digit of f?
5
Suppose 4*c + 768 = 4*o, 3*o - 159 = -4*c + 424. What is the hundreds digit of o?
1
Suppose 3*c = -2*w + 2*c + 8, -4*c = 8. Let g(p) = 2 + 11*p - 3 - w*p - p**2. What is the units digit of g(4)?
7
Let h = -5 - -9. Suppose 3*o = 5*o - h. What is the units digit of o?
2
Let o(q) = -q**3 - 12*q**2 - q - 7. Let f be o(-12). Let c = f + 2. What is the units digit of c?
7
What is the tens digit of (-2475)/(-27) - (-1)/3?
9
Let k(i) = -i**3 - 3*i**2 + 4*i - 4. Let a be k(-4). Suppose -5*h = -38 - 22. Let t = h + a. What is the units digit of t?
8
Suppose 2*q - 18 = 2*h, 4*h = -4*q + 11 + 9. Suppose 10*d - 39 = q*d. What is the tens digit of d?
1
Let p(j) = -2*j. Let l be p(-2). Let d(a) = -a**2 + 3*a + 5. Let w be d(l). Suppose i + w = 2. What is the units digit of i?
1
What is the units digit of (-18)/(-5) + 12/(-20)?
3
Let x(a) = -a**3 + 9*a**2 + 3. Let n be x(9). Suppose y + 3 = n*i - 7, -5*i = 3*y - 12. What is the units digit of i?
3
Let d = 1 - 1. Suppose d*i - 2*i = 2*h - 6, -9 = 2*h - 3*i. Suppose 5*a - 33 - 22 = h. What is the units digit of a?
1
Let d be 78/2 - (3 - 1). Suppose 5*j + d = m, 2*j + 35 = m - j. What is the units digi